by 22.
18
Suppose l = 4*l + 201. Let o = -5 - l. Calculate the remainder when o is divided by 17.
11
Let r(t) = -t**2 + 2*t + 4. Let m be r(3). Let c(a) = a**3 - 6*a**2 + 9*a - 10. Let j be c(5). What is the remainder when 15*6*m/j is divided by 3?
0
Let v = -826 + 937. What is the remainder when 1774 is divided by v?
109
What is the remainder when 379 is divided by (-80)/(-15) + 13 - 4/(-6)?
18
Let v(n) = n**3 - 14*n**2 + n - 13. Let m be v(14). Let k = -27 + 38. Calculate the remainder when 20 - (-1 + 1 + m) is divided by k.
8
Let r be (-3 - -2)/(3 + (-2064)/690). Let j = r - -122. Calculate the remainder when 24 is divided by j.
3
Let f(g) = -18*g + 28. Calculate the remainder when 456 is divided by f(-5).
102
Let v(u) = 8*u - 3. Let q be v(-1). Let o(z) = -z**2 - 12*z + 10. Calculate the remainder when 58 is divided by o(q).
16
Let t be -3*(-4 + 250/(-15)). Let b = t + -43. What is the remainder when b is divided by 4 + 0 + -2 - -3?
4
Let o be 38/9 - (-6)/(-27). Suppose 0 = -4*d + q + 93, -5*d + 96 = o*q + 6. Calculate the remainder when 61 is divided by d.
17
Suppose -50 = 25*r - 400. Calculate the remainder when 48 is divided by r.
6
Let p be (-2)/7 - (-10404)/252. Suppose p*j + 70 = 43*j. What is the remainder when 136 is divided by j?
31
Let a = -97 + 104. Suppose -4*m = 2*q - m - 11, a = 3*q - 5*m. What is the remainder when 9 is divided by q?
1
Suppose -8*m + 4*m + 24 = 0. Let w(j) = 11*j - 18*j + 22*j - 14. What is the remainder when w(m) is divided by 26?
24
Let r be 145/30 - (-2)/12. Suppose -5 = -10*k + r. Suppose -4*t = -0*t - 12. Calculate the remainder when t is divided by k.
0
Let u(k) = -k**3 + 8*k**2 - 3*k - 7. Calculate the remainder when 62 is divided by u(7).
20
Let j = -13 + 37. Calculate the remainder when j is divided by 23.
1
Suppose 4*u - 23 = 77. Let n(a) = 5 + 3 - 1 - 2*a. Calculate the remainder when u is divided by n(-4).
10
Let z = -1285 - -1360. What is the remainder when 242 is divided by z?
17
Let z(m) = m**2 - 23*m - 55. Let a be z(25). What is the remainder when 165 is divided by 2/a + 34/10 - -39?
39
Suppose 0 = -6*y - 53 + 413. What is the remainder when y is divided by 1 - (0 - (-1 - -22))?
16
Let b be (1 - 5) + (-1 - -22). Let t = b + 10. Calculate the remainder when 51 is divided by t.
24
Suppose 43*u + 200 = 47*u. Let h = u + -36. What is the remainder when 54 is divided by h?
12
Suppose 39 + 6 = -r. Let j = r - -65. Let s = -4 - -11. Calculate the remainder when j is divided by s.
6
Suppose 0 = 5*i - 54 - 241. Let p = i - 22. What is the remainder when 107 is divided by p?
33
Suppose 0 = -17*h - 22*h + 468. Calculate the remainder when 344 is divided by h.
8
Let u(p) = -p**2 + 6*p + 2. What is the remainder when 52 is divided by u(5)?
3
Let j be (-27)/6*4/(-2). Let r be 3 - (-3 + j/3). Suppose r*a - k - 104 = -2*a, a = -k + 22. Calculate the remainder when a is divided by 12.
9
Suppose -77 = -13*x + 131. Calculate the remainder when x is divided by 30*(0 + 1/3).
6
Suppose -5892 - 10740 = 7*n. What is the remainder when (-4)/(-14) + n/(-63) is divided by 21?
17
Let w = 2704 - 2552. What is the remainder when w is divided by 51?
50
Let q = 579 + -499. What is the remainder when 310 is divided by q?
70
Calculate the remainder when 110/(-20)*(-588)/77 is divided by 20.
2
What is the remainder when (8/(-12))/((-4)/18) - -169 is divided by 85?
2
Let b be (-2)/(-2)*28/2. What is the remainder when -5 + 3 + 3 + b is divided by ((-12)/8)/((-38)/16 - -2)?
3
Let i(y) = -4*y + 9. Let p be i(7). Let c = p - -22. What is the remainder when 21 is divided by (-3)/9 + 37/c?
9
Let m(r) = r**3 - 3*r**2 + 9. Let l = 4 + 0. What is the remainder when 99 is divided by m(l)?
24
Let q(y) be the third derivative of y**5/60 - 5*y**4/24 - 3*y**3/2 + 15*y**2. Calculate the remainder when q(8) is divided by 11.
4
Let p(f) = -f**2 - 26*f + 40. Calculate the remainder when 35 is divided by p(-27).
9
Suppose -3*m - 4*b + 6 = -12, 7 = m + b. Suppose 0 = -2*l + 16 - m. What is the remainder when l is divided by 2?
1
Let s = 36 - 24. Calculate the remainder when s is divided by 7 - ((-1)/(-3))/((-8)/(-72)).
0
Let j = -546 - 159. Calculate the remainder when (-12)/(-15) - j/25 is divided by 8.
5
Let i(c) = 170*c**2 - 5*c + 4. Calculate the remainder when i(1) is divided by 17.
16
Suppose 281*w = 288*w - 224. What is the remainder when w is divided by (22/(-8))/((-2)/8)?
10
Let v(z) = z**3 + 3*z**2 + 1. Let k be v(-3). Suppose -4*a + 9 = -4*m + 1, -3*a + k = 2*m. Let j = 66 - m. Calculate the remainder when j is divided by 23.
21
Suppose 50*v - 48*v = -5*a + 1761, 1770 = 5*a + 5*v. Calculate the remainder when a is divided by 44.
43
What is the remainder when 192 is divided by 35 - (-2 + (-4 - -2))?
36
Calculate the remainder when (-6)/(-4)*(-316)/(-6) is divided by 17.
11
Suppose 2*l - 3*r - 26 = -5*r, 4*r = 3*l - 11. Let h(q) = q**2 + 8*q - 7. Let t be h(-11). Suppose t = -2*m + 38. What is the remainder when l is divided by m?
3
Suppose -v + 25 = 5*z - 0*v, 3*z - 2*v = 15. Suppose -z = -2*m - 1. Let l = m - -1. What is the remainder when 5 is divided by l?
2
Let r = 21 - 36. Let q = r - -21. Suppose 2*l = -2*x + 30, -5*x - l + 35 = -4*l. What is the remainder when x is divided by q?
4
Suppose -2*p - p = -60. Calculate the remainder when (77/(-2) + -1)/(13/(-26)) is divided by p.
19
Let c = -5 + 8. Suppose 608 = r + c*r. Suppose -j = 3*j - r. Calculate the remainder when j is divided by 13.
12
Let l(r) = -18*r**2 + r. Let v be l(2). Calculate the remainder when ((-192)/40)/(3/v) is divided by 23.
20
Suppose 0*v + 76 = h + 5*v, 2*h - 176 = -4*v. What is the remainder when 193 is divided by h?
1
Let i(y) = -y**3 + 4*y**2. Let h(a) = 4*a**2 - a - 1. Let n be h(-1). Let q be i(n). Suppose q = -5*r + r + 52. What is the remainder when 24 is divided by r?
11
Suppose -395 = -4*h + 269. Suppose -5*f - 6*v + h = -4*v, -3*f + 5*v = -81. Let d = 426 + -301. What is the remainder when d is divided by f?
29
Let u = 13 + -8. Let b(d) = -d**3 - 23*d**2 - 133*d + 8. What is the remainder when b(-11) is divided by u?
4
Suppose 7*t = -t + 144. Let f(k) = 2*k - 27. Calculate the remainder when 16 is divided by f(t).
7
Suppose -k - 5*h - 4 = 0, -5*k + h - 47 = -h. Let o = k - -20. Calculate the remainder when 41 is divided by o.
8
Let m(w) = w**3 + 21*w**2 - 53*w - 104. What is the remainder when 166 is divided by m(-23)?
52
Let b = 95 - 76. Suppose 0 = -2*q - 2*x + 2, 0*x = -4*q - x + 10. What is the remainder when b is divided by q?
1
Suppose -6*h = -174 + 84. Calculate the remainder when 1304 is divided by h.
14
Let w = 117 + -115. Suppose w*l + 3*l = -4*s - 10, 0 = -3*l - 3*s - 9. What is the remainder when 18 is divided by l?
0
Suppose -4*y - 10*y = -168. Calculate the remainder when 23 is divided by y.
11
Let i(h) = -26*h + 100. What is the remainder when i(3) is divided by 10*(3/(-2) + 2)?
2
Let q be -5 - 51/15 - 6/10. Suppose w = -2*w + 2*p + 91, -2*p = 4. What is the remainder when w is divided by 8 - 3 - (2 + (q - -4))?
5
Suppose -3*c + 79 = -5*v, -5*v = 8*c - 7*c - 13. Let q = 68 - c. What is the remainder when q is divided by 3/8*-2*-32?
21
Let q(i) = -24*i - 52. Let g(k) = -1. Let l(t) = -20*g(t) + q(t). Calculate the remainder when l(-6) is divided by 29.
25
Suppose 9*p + 248 = 1589. What is the remainder when p is divided by 53?
43
Let o(w) = 2*w**2 - 23*w - 19. Let x = 13 - 9. Suppose -m = -x - 3. Calculate the remainder when o(13) is divided by m.
6
Let o(n) = n**2 - 4*n - 13. Calculate the remainder when o(-4) is divided by 4 - 1*(0 + -1).
4
Suppose -3*b - 2*g + 353 = 0, b = -3*b - 5*g + 480. Calculate the remainder when 431 is divided by b.
86
Let r(s) = -s**3 - 18*s**2 + 35*s + 26. What is the remainder when r(-20) is divided by 43?
40
Let c = -23 - -25. Suppose -3 = r - 7, 0 = -a - c*r + 47. Calculate the remainder when 154 is divided by a.
37
Suppose 0 = 2*x + 41*x - 5418. Calculate the remainder when x is divided by 39.
9
Let d = -22 - -25. Suppose 11 = -3*u - s + 83, -s = -d*u + 72. Let q = u + -20. What is the remainder when 11 is divided by q?
3
Suppose -v - 3*v = 5*d - 143, 133 = 5*d - v. Let r = -25 + 78. Calculate the remainder when r is divided by d.
26
Let f be 0/2 + 14 + 3. Suppose -5*a + f = -8. Suppose x - 10 = -4*